{"id":777,"date":"2023-06-24T05:04:55","date_gmt":"2023-06-24T05:04:55","guid":{"rendered":"http:\/\/langdpt.cas.cz.uvirt134.active24.cz\/?page_id=777"},"modified":"2023-06-24T05:26:40","modified_gmt":"2023-06-24T05:26:40","slug":"vedeni","status":"publish","type":"page","link":"https:\/\/langdpt.cas.cz\/en\/vedeni\/","title":{"rendered":"Veden\u00ed"},"content":{"rendered":"\n<p><strong>\u0158editel:<\/strong><\/p>\n\n\n\n<p><strong>PhDr. Martin Pro\u0161ek, Ph.D.<\/strong><\/p>\n\n\n\n<p>e-mail: prosek at ujc.cas.cz<\/p>\n\n\n\n<p>tel.: +420 257 533 756, +420 225 391&nbsp;403<\/p>\n\n\n\n<p><strong>Z\u00e1stupci \u0159editele:<\/strong><\/p>\n\n\n\n<p><strong>Mgr. Petr Kaderka, Ph.D.<\/strong><\/p>\n\n\n\n<p>z\u00e1stupce pro v\u011bdeckou \u010dinnost, statut\u00e1rn\u00ed z\u00e1stupce \u0159editele<\/p>\n\n\n\n<p>e-mail: kaderka at ujc.cas.cz<\/p>\n\n\n\n<p>tel.:&nbsp;+420 225 391 401<\/p>\n\n\n\n<p><strong>PhDr. Hana M\u017eourkov\u00e1, Ph.D.<\/strong><\/p>\n\n\n\n<p>z\u00e1stupkyn\u011b pro v\u011bci provozn\u00ed a organiza\u010dn\u00ed<\/p>\n\n\n\n<p>v\u011bdeck\u00e1 tajemnice<\/p>\n\n\n\n<p>e-mail: mzourkova at ujc.cas.cz<\/p>\n\n\n\n<p>tel.: +420 225 391 433<\/p>\n\n\n\n<p><strong>PhDr. Mark\u00e9ta Pravdov\u00e1, Ph.D., MBA<\/strong><\/p>\n\n\n\n<p>z\u00e1stupkyn\u011b pro vn\u011bj\u0161\u00ed vztahy a popularizaci<\/p>\n\n\n\n<p>e-mail: pravdova at ujc.cas.cz<\/p>\n\n\n\n<p>tel.: +420 225 391 426<\/p>\n\n\n\n<p><strong>Mgr. Tamah Sherman, Ph.D.<\/strong><\/p>\n\n\n\n<p>z\u00e1stupkyn\u011b pro zahrani\u010dn\u00ed spolupr\u00e1ci<\/p>\n\n\n\n<p>e-mail: sherman at ujc.cas.cz<\/p>\n\n\n\n<p>tel.: +420 225 391 401<\/p>\n\n\n\n<p><strong>Sekretari\u00e1t \u0159editele:<\/strong><\/p>\n\n\n\n<p><strong>Ing. Olga \u0160tefanov\u00e1<\/strong><\/p>\n\n\n\n<p>e-mail: stefanova at ujc.cas.cz<\/p>\n\n\n\n<p>tel.: +420 257 533 756, +420 225 391&nbsp;402<\/p>\n","protected":false},"excerpt":{"rendered":"<p>\u0158editel: PhDr. Martin Pro\u0161ek, Ph.D. e-mail: prosek at ujc.cas.cz tel.: +420 257 533 756, +420 225 391&nbsp;403 Z\u00e1stupci \u0159editele: Mgr. Petr Kaderka, Ph.D. z\u00e1stupce pro v\u011bdeckou \u010dinnost, statut\u00e1rn\u00ed z\u00e1stupce \u0159editele e-mail: kaderka at ujc.cas.cz tel.:&nbsp;+420 225 391 401 PhDr. Hana M\u017eourkov\u00e1, Ph.D. z\u00e1stupkyn\u011b pro v\u011bci provozn\u00ed a organiza\u010dn\u00ed v\u011bdeck\u00e1 tajemnice e-mail: mzourkova at ujc.cas.cz tel.: [&hellip;]<\/p>\n","protected":false},"author":1,"featured_media":0,"parent":0,"menu_order":0,"comment_status":"closed","ping_status":"closed","template":"","meta":{"footnotes":""},"categories":[29],"tags":[],"class_list":["post-777","page","type-page","status-publish","hentry","category-o-ustavu"],"acf":[],"yoast_head":"<!-- This site is optimized with the Yoast SEO plugin v22.8 - https:\/\/yoast.com\/wordpress\/plugins\/seo\/ -->\n<title>Veden\u00ed - Department of Language Studies<\/title>\n<meta name=\"robots\" content=\"index, follow, max-snippet:-1, max-image-preview:large, max-video-preview:-1\" \/>\n<link rel=\"canonical\" href=\"https:\/\/langdpt.cas.cz\/vedeni\/\" \/>\n<meta property=\"og:locale\" content=\"en_US\" \/>\n<meta property=\"og:type\" content=\"article\" \/>\n<meta property=\"og:title\" content=\"Veden\u00ed - Department of Language Studies\" \/>\n<meta property=\"og:description\" content=\"\u0158editel: PhDr. Martin Pro\u0161ek, Ph.D. e-mail: prosek at ujc.cas.cz tel.: +420 257 533 756, +420 225 391&nbsp;403 Z\u00e1stupci \u0159editele: Mgr. Petr Kaderka, Ph.D. z\u00e1stupce pro v\u011bdeckou \u010dinnost, statut\u00e1rn\u00ed z\u00e1stupce \u0159editele e-mail: kaderka at ujc.cas.cz tel.:&nbsp;+420 225 391 401 PhDr. Hana M\u017eourkov\u00e1, Ph.D. z\u00e1stupkyn\u011b pro v\u011bci provozn\u00ed a organiza\u010dn\u00ed v\u011bdeck\u00e1 tajemnice e-mail: mzourkova at ujc.cas.cz tel.: [&hellip;]\" \/>\n<meta property=\"og:url\" content=\"https:\/\/langdpt.cas.cz\/vedeni\/\" \/>\n<meta property=\"og:site_name\" content=\"Department of Language Studies\" \/>\n<meta property=\"article:modified_time\" content=\"2023-06-24T05:26:40+00:00\" \/>\n<meta name=\"twitter:card\" content=\"summary_large_image\" \/>\n<meta name=\"twitter:label1\" content=\"Est. reading time\" \/>\n\t<meta name=\"twitter:data1\" content=\"1 minute\" \/>\n<script type=\"application\/ld+json\" class=\"yoast-schema-graph\">{\"@context\":\"https:\/\/schema.org\",\"@graph\":[{\"@type\":\"WebPage\",\"@id\":\"https:\/\/langdpt.cas.cz\/vedeni\/\",\"url\":\"https:\/\/langdpt.cas.cz\/vedeni\/\",\"name\":\"Veden\u00ed - Department of Language Studies\",\"isPartOf\":{\"@id\":\"https:\/\/langdpt.cas.cz\/#website\"},\"datePublished\":\"2023-06-24T05:04:55+00:00\",\"dateModified\":\"2023-06-24T05:26:40+00:00\",\"breadcrumb\":{\"@id\":\"https:\/\/langdpt.cas.cz\/vedeni\/#breadcrumb\"},\"inLanguage\":\"en-US\",\"potentialAction\":[{\"@type\":\"ReadAction\",\"target\":[\"https:\/\/langdpt.cas.cz\/vedeni\/\"]}]},{\"@type\":\"BreadcrumbList\",\"@id\":\"https:\/\/langdpt.cas.cz\/vedeni\/#breadcrumb\",\"itemListElement\":[{\"@type\":\"ListItem\",\"position\":1,\"name\":\"Home\",\"item\":\"https:\/\/langdpt.cas.cz\/\"},{\"@type\":\"ListItem\",\"position\":2,\"name\":\"Veden\u00ed\"}]},{\"@type\":\"WebSite\",\"@id\":\"https:\/\/langdpt.cas.cz\/#website\",\"url\":\"https:\/\/langdpt.cas.cz\/\",\"name\":\"Department of Language Studies\",\"description\":\"\",\"publisher\":{\"@id\":\"https:\/\/langdpt.cas.cz\/#organization\"},\"potentialAction\":[{\"@type\":\"SearchAction\",\"target\":{\"@type\":\"EntryPoint\",\"urlTemplate\":\"https:\/\/langdpt.cas.cz\/?s={search_term_string}\"},\"query-input\":\"required name=search_term_string\"}],\"inLanguage\":\"en-US\"},{\"@type\":\"Organization\",\"@id\":\"https:\/\/langdpt.cas.cz\/#organization\",\"name\":\"Department of Language Studies\",\"url\":\"https:\/\/langdpt.cas.cz\/\",\"logo\":{\"@type\":\"ImageObject\",\"inLanguage\":\"en-US\",\"@id\":\"https:\/\/langdpt.cas.cz\/#\/schema\/logo\/image\/\",\"url\":\"https:\/\/langdpt.cas.cz\/wp-content\/uploads\/2023\/04\/ksj-logo.svg\",\"contentUrl\":\"https:\/\/langdpt.cas.cz\/wp-content\/uploads\/2023\/04\/ksj-logo.svg\",\"width\":55,\"height\":63,\"caption\":\"Department of Language Studies\"},\"image\":{\"@id\":\"https:\/\/langdpt.cas.cz\/#\/schema\/logo\/image\/\"}}]}<\/script>\n<!-- \/ Yoast SEO plugin. -->","yoast_head_json":{"title":"Veden\u00ed - Department of Language Studies","robots":{"index":"index","follow":"follow","max-snippet":"max-snippet:-1","max-image-preview":"max-image-preview:large","max-video-preview":"max-video-preview:-1"},"canonical":"https:\/\/langdpt.cas.cz\/vedeni\/","og_locale":"en_US","og_type":"article","og_title":"Veden\u00ed - Department of Language Studies","og_description":"\u0158editel: PhDr. Martin Pro\u0161ek, Ph.D. e-mail: prosek at ujc.cas.cz tel.: +420 257 533 756, +420 225 391&nbsp;403 Z\u00e1stupci \u0159editele: Mgr. Petr Kaderka, Ph.D. z\u00e1stupce pro v\u011bdeckou \u010dinnost, statut\u00e1rn\u00ed z\u00e1stupce \u0159editele e-mail: kaderka at ujc.cas.cz tel.:&nbsp;+420 225 391 401 PhDr. Hana M\u017eourkov\u00e1, Ph.D. z\u00e1stupkyn\u011b pro v\u011bci provozn\u00ed a organiza\u010dn\u00ed v\u011bdeck\u00e1 tajemnice e-mail: mzourkova at ujc.cas.cz tel.: [&hellip;]","og_url":"https:\/\/langdpt.cas.cz\/vedeni\/","og_site_name":"Department of Language Studies","article_modified_time":"2023-06-24T05:26:40+00:00","twitter_card":"summary_large_image","twitter_misc":{"Est. reading time":"1 minute"},"schema":{"@context":"https:\/\/schema.org","@graph":[{"@type":"WebPage","@id":"https:\/\/langdpt.cas.cz\/vedeni\/","url":"https:\/\/langdpt.cas.cz\/vedeni\/","name":"Veden\u00ed - Department of Language Studies","isPartOf":{"@id":"https:\/\/langdpt.cas.cz\/#website"},"datePublished":"2023-06-24T05:04:55+00:00","dateModified":"2023-06-24T05:26:40+00:00","breadcrumb":{"@id":"https:\/\/langdpt.cas.cz\/vedeni\/#breadcrumb"},"inLanguage":"en-US","potentialAction":[{"@type":"ReadAction","target":["https:\/\/langdpt.cas.cz\/vedeni\/"]}]},{"@type":"BreadcrumbList","@id":"https:\/\/langdpt.cas.cz\/vedeni\/#breadcrumb","itemListElement":[{"@type":"ListItem","position":1,"name":"Home","item":"https:\/\/langdpt.cas.cz\/"},{"@type":"ListItem","position":2,"name":"Veden\u00ed"}]},{"@type":"WebSite","@id":"https:\/\/langdpt.cas.cz\/#website","url":"https:\/\/langdpt.cas.cz\/","name":"Department of Language Studies","description":"","publisher":{"@id":"https:\/\/langdpt.cas.cz\/#organization"},"potentialAction":[{"@type":"SearchAction","target":{"@type":"EntryPoint","urlTemplate":"https:\/\/langdpt.cas.cz\/?s={search_term_string}"},"query-input":"required name=search_term_string"}],"inLanguage":"en-US"},{"@type":"Organization","@id":"https:\/\/langdpt.cas.cz\/#organization","name":"Department of Language Studies","url":"https:\/\/langdpt.cas.cz\/","logo":{"@type":"ImageObject","inLanguage":"en-US","@id":"https:\/\/langdpt.cas.cz\/#\/schema\/logo\/image\/","url":"https:\/\/langdpt.cas.cz\/wp-content\/uploads\/2023\/04\/ksj-logo.svg","contentUrl":"https:\/\/langdpt.cas.cz\/wp-content\/uploads\/2023\/04\/ksj-logo.svg","width":55,"height":63,"caption":"Department of Language Studies"},"image":{"@id":"https:\/\/langdpt.cas.cz\/#\/schema\/logo\/image\/"}}]}},"_links":{"self":[{"href":"https:\/\/langdpt.cas.cz\/en\/wp-json\/wp\/v2\/pages\/777","targetHints":{"allow":["GET"]}}],"collection":[{"href":"https:\/\/langdpt.cas.cz\/en\/wp-json\/wp\/v2\/pages"}],"about":[{"href":"https:\/\/langdpt.cas.cz\/en\/wp-json\/wp\/v2\/types\/page"}],"author":[{"embeddable":true,"href":"https:\/\/langdpt.cas.cz\/en\/wp-json\/wp\/v2\/users\/1"}],"replies":[{"embeddable":true,"href":"https:\/\/langdpt.cas.cz\/en\/wp-json\/wp\/v2\/comments?post=777"}],"version-history":[{"count":1,"href":"https:\/\/langdpt.cas.cz\/en\/wp-json\/wp\/v2\/pages\/777\/revisions"}],"predecessor-version":[{"id":778,"href":"https:\/\/langdpt.cas.cz\/en\/wp-json\/wp\/v2\/pages\/777\/revisions\/778"}],"wp:attachment":[{"href":"https:\/\/langdpt.cas.cz\/en\/wp-json\/wp\/v2\/media?parent=777"}],"wp:term":[{"taxonomy":"category","embeddable":true,"href":"https:\/\/langdpt.cas.cz\/en\/wp-json\/wp\/v2\/categories?post=777"},{"taxonomy":"post_tag","embeddable":true,"href":"https:\/\/langdpt.cas.cz\/en\/wp-json\/wp\/v2\/tags?post=777"}],"curies":[{"name":"wp","href":"https:\/\/api.w.org\/{rel}","templated":true}]}}

Vedení

<p><strong>Ředitel:</strong></p>



<p><strong>PhDr. Martin Prošek, Ph.D.</strong></p>



<p>e-mail: prosek at ujc.cas.cz</p>



<p>tel.: +420 257 533 756, +420 225 391&nbsp;403</p>



<p><strong>Zástupci ředitele:</strong></p>



<p><strong>Mgr. Petr Kaderka, Ph.D.</strong></p>



<p>zástupce pro vědeckou činnost, statutární zástupce ředitele</p>



<p>e-mail: kaderka at ujc.cas.cz</p>



<p>tel.:&nbsp;+420 225 391 401</p>



<p><strong>PhDr. Hana Mžourková, Ph.D.</strong></p>



<p>zástupkyně pro věci provozní a organizační</p>



<p>vědecká tajemnice</p>



<p>e-mail: mzourkova at ujc.cas.cz</p>



<p>tel.: +420 225 391 433</p>



<p><strong>PhDr. Markéta Pravdová, Ph.D., MBA</strong></p>



<p>zástupkyně pro vnější vztahy a popularizaci</p>



<p>e-mail: pravdova at ujc.cas.cz</p>



<p>tel.: +420 225 391 426</p>



<p><strong>Mgr. Tamah Sherman, Ph.D.</strong></p>



<p>zástupkyně pro zahraniční spolupráci</p>



<p>e-mail: sherman at ujc.cas.cz</p>



<p>tel.: +420 225 391 401</p>



<p><strong>Sekretariát ředitele:</strong></p>



<p><strong>Ing. Olga Štefanová</strong></p>



<p>e-mail: stefanova at ujc.cas.cz</p>



<p>tel.: +420 257 533 756, +420 225 391&nbsp;402</p>

<p>Ředitel: PhDr. Martin Prošek, Ph.D. e-mail: prosek at ujc.cas.cz tel.: +420 257 533 756, +420 225 391&nbsp;403 Zástupci ředitele: Mgr. Petr Kaderka, Ph.D. zástupce pro vědeckou činnost, statutární zástupce ředitele e-mail: kaderka at ujc.cas.cz tel.:&nbsp;+420 225 391 401 PhDr. Hana Mžourková, Ph.D. zástupkyně pro věci provozní a organizační vědecká tajemnice e-mail: mzourkova at ujc.cas.cz tel.: [&hellip;]</p>

<!-- This site is optimized with the Yoast SEO plugin v22.8 - https://yoast.com/wordpress/plugins/seo/ -->
<title>Vedení - Department of Language Studies</title>
<meta name="robots" content="index, follow, max-snippet:-1, max-image-preview:large, max-video-preview:-1" />
<link rel="canonical" href="https://langdpt.cas.cz/vedeni/" />
<meta property="og:locale" content="en_US" />
<meta property="og:type" content="article" />
<meta property="og:title" content="Vedení - Department of Language Studies" />
<meta property="og:description" content="Ředitel: PhDr. Martin Prošek, Ph.D. e-mail: prosek at ujc.cas.cz tel.: +420 257 533 756, +420 225 391&nbsp;403 Zástupci ředitele: Mgr. Petr Kaderka, Ph.D. zástupce pro vědeckou činnost, statutární zástupce ředitele e-mail: kaderka at ujc.cas.cz tel.:&nbsp;+420 225 391 401 PhDr. Hana Mžourková, Ph.D. zástupkyně pro věci provozní a organizační vědecká tajemnice e-mail: mzourkova at ujc.cas.cz tel.: [&hellip;]" />
<meta property="og:url" content="https://langdpt.cas.cz/vedeni/" />
<meta property="og:site_name" content="Department of Language Studies" />
<meta property="article:modified_time" content="2023-06-24T05:26:40+00:00" />
<meta name="twitter:card" content="summary_large_image" />
<meta name="twitter:label1" content="Est. reading time" />
	<meta name="twitter:data1" content="1 minute" />
<script type="application/ld+json" class="yoast-schema-graph">{"@context":"https://schema.org","@graph":[{"@type":"WebPage","@id":"https://langdpt.cas.cz/vedeni/","url":"https://langdpt.cas.cz/vedeni/","name":"Vedení - Department of Language Studies","isPartOf":{"@id":"https://langdpt.cas.cz/#website"},"datePublished":"2023-06-24T05:04:55+00:00","dateModified":"2023-06-24T05:26:40+00:00","breadcrumb":{"@id":"https://langdpt.cas.cz/vedeni/#breadcrumb"},"inLanguage":"en-US","potentialAction":[{"@type":"ReadAction","target":["https://langdpt.cas.cz/vedeni/"]}]},{"@type":"BreadcrumbList","@id":"https://langdpt.cas.cz/vedeni/#breadcrumb","itemListElement":[{"@type":"ListItem","position":1,"name":"Home","item":"https://langdpt.cas.cz/"},{"@type":"ListItem","position":2,"name":"Vedení"}]},{"@type":"WebSite","@id":"https://langdpt.cas.cz/#website","url":"https://langdpt.cas.cz/","name":"Department of Language Studies","description":"","publisher":{"@id":"https://langdpt.cas.cz/#organization"},"potentialAction":[{"@type":"SearchAction","target":{"@type":"EntryPoint","urlTemplate":"https://langdpt.cas.cz/?s={search_term_string}"},"query-input":"required name=search_term_string"}],"inLanguage":"en-US"},{"@type":"Organization","@id":"https://langdpt.cas.cz/#organization","name":"Department of Language Studies","url":"https://langdpt.cas.cz/","logo":{"@type":"ImageObject","inLanguage":"en-US","@id":"https://langdpt.cas.cz/#/schema/logo/image/","url":"https://langdpt.cas.cz/wp-content/uploads/2023/04/ksj-logo.svg","contentUrl":"https://langdpt.cas.cz/wp-content/uploads/2023/04/ksj-logo.svg","width":55,"height":63,"caption":"Department of Language Studies"},"image":{"@id":"https://langdpt.cas.cz/#/schema/logo/image/"}}]}</script>
<!-- / Yoast SEO plugin. -->

Vedení - Department of Language Studies

Ředitel: PhDr. Martin Prošek, Ph.D. e-mail: prosek at ujc.cas.cz tel.: +420 257 533 756, +420 225 391&nbsp;403 Zástupci ředitele: Mgr. Petr Kaderka, Ph.D. zástupce pro vědeckou činnost, statutární zástupce ředitele e-mail: kaderka at ujc.cas.cz tel.:&nbsp;+420 225 391 401 PhDr. Hana Mžourková, Ph.D. zástupkyně pro věci provozní a organizační vědecká tajemnice e-mail: mzourkova at ujc.cas.cz tel.: [&hellip;]
